hird derivative of p**6/120 - p**5/60 - p**4/8 + p**3/2 + 3*p**2. Let j be w(3). Suppose 4*f - j = 48. What are the prime factors of f?
3, 5
Let y(a) = a**2 - 15*a + 25. List the prime factors of y(-16).
521
Suppose -15*t = -23*t + 13792. What are the prime factors of t?
2, 431
Suppose -66 = -6*g + 4*g. Let l = 62 - g. List the prime factors of l.
29
Suppose 3*l = 2*r - 820, 4*r + 4*l = -111 + 1791. What are the prime factors of r?
2, 13
Suppose -7*f = -5*f. Suppose f*b + 5*b = 25. Suppose -81 = -3*u - 4*j + 1, b*u - j = 129. What are the prime factors of u?
2, 13
Suppose -15*h + 2*t = -10*h - 122, 0 = -4*h + 4*t + 88. What are the prime factors of h?
2, 13
Let g(z) be the third derivative of z**6/30 - z**4/24 + z**3/6 - 2*z**2. Let f be g(1). List the prime factors of (f - 26)*2/(-2).
2, 11
List the prime factors of (-33)/(-11) - (-7 - 1046).
2, 3, 11
Let j = 194 + 297. Suppose 0 = 4*t + 5*b - j, -57 - 50 = -t + 4*b. What are the prime factors of t?
7, 17
Suppose 2*p = -3*l + 8 + 3, 0 = -4*p - 20. Suppose -16*q + 13*q + 25 = -2*i, -4*i = 4*q - 20. What are the prime factors of 2/q + 54/l?
2
Let k(m) = -2*m + 1. Let j be k(-11). Suppose -j*d + 1 = -22*d. Suppose -2*l - d + 53 = 0. List the prime factors of l.
2, 13
Suppose 18*p - 5 = 17*p. What are the prime factors of 125 - 1 - (10 + -3 - p)?
2, 61
Let q = -4 + 4. Suppose q = 2*a + j - 157, -j - 114 = -4*a + 197. Let h = a + -50. List the prime factors of h.
2, 7
Let d = -1025 - -2098. What are the prime factors of d?
29, 37
Suppose -2*v = -3*k - 757, 3*v - 1278 = 2*k - 150. What are the prime factors of v?
2, 11, 17
Suppose -24*g = -20*g. Suppose 4*w + 4*p - 244 = 0, p = -g*w + 3*w - 163. List the prime factors of w.
2, 7
Let n(z) = -z**3 - 7*z**2 - 2*z - 6. Let m be n(-7). Suppose 5*t + 2*y + 2*y - 188 = 0, 4*y - m = 0. Suppose -d + 6 = -t. What are the prime factors of d?
2, 3, 7
Suppose 14 = c - 0*u - 3*u, 0 = 5*c - 4*u - 26. Suppose 3*j = c + 16. Suppose -74 = -5*d + 4*l, -d + 3*l + 0 = -j. What are the prime factors of d?
2, 3
List the prime factors of (-30884)/(-98)*14/4.
1103
Let d = 47 - 22. Let g be 71/5 - 5/d. List the prime factors of (8 - 9)/((-1)/g).
2, 7
Suppose -5*r = -5*h + 4 + 16, -r = h + 14. Let j = r + 12. Suppose 70 = 4*k + 2*c, 2*k - 20 = -j*c + 5. What are the prime factors of k?
2, 5
Let g be (2/6)/((-1)/(10 - 4)). Let s(m) = 72*m**2 + 2. What are the prime factors of s(g)?
2, 5, 29
Let f(t) = -t**2 - t + 65. Let z be f(0). Suppose g - 184*a = -185*a + 128, g + 5*a = 108. Let m = g - z. List the prime factors of m.
2, 17
Let y be (18/(-21))/(2/(-392)). Let v be 34/8*y/(-14). List the prime factors of (-2)/(3 - (-159)/v).
17
Suppose 50*c + 15 = 55*c. Suppose -v + c*s - 7*s = -43, -253 = -5*v - s. List the prime factors of v.
3, 17
Let g(v) = -v**3 - 19*v**2 + 9*v + 69. List the prime factors of g(-21).
2, 3, 127
Suppose -3*s - p - 11 = s, -s + 3*p = -7. What are the prime factors of s/(-3)*(235 - -2)?
2, 79
Let z be (6 - 32/6)/((-4)/(-318)). Suppose -z = -2*w + s, 2*w - 5*w = -s - 80. List the prime factors of w.
3
Let n(u) = 49*u**2 - 6*u - 18. List the prime factors of n(-3).
3, 7
What are the prime factors of (-198)/(-44)*((-3224)/6)/(-2)?
3, 13, 31
Let p(v) = -v**2 + 21*v - 16. Let r be p(20). Suppose 0 = r*l - l + g - 235, 0 = 5*l - g - 397. What are the prime factors of l?
79
Suppose 0*x = -5*m - 3*x + 5, -32 = -3*m + 4*x. Suppose 0 = 5*c + 15, -m*o - 2*c = -86 - 56. What are the prime factors of o?
37
Let x = 15 + -9. Suppose 8*i = x*i + 236. List the prime factors of ((-2)/(-4))/(1/i).
59
List the prime factors of -4 + 262 - (3 + -6).
3, 29
Suppose 6*q + 429 = 99. Let n = q - -131. List the prime factors of n.
2, 19
Let z(p) = 5*p**2 - 77. What are the prime factors of z(9)?
2, 41
Suppose p = 4*p. Let j = 68 + -63. Suppose -k + 29 + j = p. List the prime factors of k.
2, 17
Let l = -336 + 495. What are the prime factors of l?
3, 53
Suppose 5*v + 2*g = 368, 71 = v - 2*g + 5*g. Let u = 36 + v. List the prime factors of u.
2, 5, 11
Let m = -206 + 485. List the prime factors of m.
3, 31
Suppose 7*f - 14*f + 1148 = 0. List the prime factors of f.
2, 41
Let v = -233 - -158. Let l = 133 + v. What are the prime factors of l?
2, 29
Let y = -8 + 8. Let u = y - -2. Suppose -2*i + 5*i = -u*x + 47, -3*x = i - 18. List the prime factors of i.
3, 5
Let o = 624 + -453. What are the prime factors of o?
3, 19
Let i = 3 + -1. Suppose -4*c + 5*b - 9 - 64 = 0, -i*c = 4*b + 4. Let t(o) = -o**2 - 14*o - 6. What are the prime factors of t(c)?
2, 3
Let p = -57 + 60. Suppose 8 - 2 = -3*w, 3*w + 522 = p*n. What are the prime factors of n?
2, 43
Let g(k) = -k. Let u(x) = -5*x. Let f(b) = 4*g(b) - u(b). Let d be f(4). Suppose d*y + 156 = 8*y. List the prime factors of y.
3, 13
Let d = 7498 - 3325. List the prime factors of d.
3, 13, 107
Suppose -4*x - 34 + 6 = -4*z, -22 = -z - 2*x. List the prime factors of 44/(-4 - (-50)/z).
2, 3, 11
Let a = -32 - -4. What are the prime factors of ((-4)/14 - 3508/a) + 2?
127
Let g be (-8)/(-16) + (-11)/2. What are the prime factors of 1 + 15/g + 5?
3
List the prime factors of (-2147)/(-15) - (-60)/(-450).
11, 13
Let q(h) = -h**3 - 12*h**2 - 86*h + 49. List the prime factors of q(-17).
2, 739
Let o(w) = -w - 2. Let k be o(-5). Let s(y) = 1 - 2 - y**k - 3 + 2 + y**2. What are the prime factors of s(-2)?
2, 5
Suppose -5*x - 2 = -4*x, -5*g = 2*x + 4. Suppose g = 2*o - 3*o - 2. What are the prime factors of ((-4)/(-6))/(o/(-69))?
23
Suppose 0 = -4*k + 3*k + 305. Suppose 0 = -5*w - 3*t + k + 292, -4*t = -3*w + 335. What are the prime factors of w?
3, 13
Suppose 0 = 5*p - 5*a - 10, p + 3*a + 8 = 22. Suppose -5*l - 325 = -0*g - p*g, 0 = l + 4. List the prime factors of g.
61
Let g(f) = -7*f - 3. Let a = 9 - 6. Let t be a/(6/(-4)) - 0. List the prime factors of g(t).
11
Suppose 4*n = -5*l - 9, n + 7 = l + 4*n. Let v(t) = -3*t**3 + 2*t**2 + 2*t - 1. Let u be v(l). Suppose -5*r = -11*r + u. What are the prime factors of r?
3, 23
Suppose 0 = 4*m - 70 - 6. Suppose 43 + 3 = 2*v. Suppose -v - 53 = -4*f - 4*n, -4*n + m = f. List the prime factors of f.
19
Let p(t) = -59*t + 22*t + 14*t - 1 - 3*t**2 + 2*t**2. List the prime factors of p(-20).
59
Let h(j) = -8*j + 38. Let k be h(20). Let x = k - -246. List the prime factors of x.
2, 31
Suppose 3*u - 5*d = 239, 0 = -u - 0*u + 3*d + 81. Suppose 4*p - 17 = -v + 7*p, 4*v - u = 2*p. Suppose v = 2*o - 6. List the prime factors of o.
13
Let p(v) = 3*v - 175. Let i be p(0). Let k = 285 + i. What are the prime factors of k?
2, 5, 11
Let w = 691 + 525. List the prime factors of w.
2, 19
Let r(b) = b**2 + 12*b + 14. Let s be r(-11). Suppose 2*d + 220 = 4*y, -50 = s*y - 2*d - 213. What are the prime factors of y?
3, 19
Let v(q) = 12*q**3 + 8*q**2 - 3*q. What are the prime factors of v(2)?
2, 61
Let o(a) be the third derivative of -a**6/120 - 7*a**5/60 - 11*a**4/24 + a**3/6 + 28*a**2. What are the prime factors of o(-8)?
3, 17
Let p(x) = 150*x - 71. List the prime factors of p(4).
23
Suppose k - 80 = 4*t, 4*t + 0*k = 3*k - 88. Let s be 1 - 2/2*t. Suppose 3*z = 4*z - s. What are the prime factors of z?
2, 5
Suppose -4*x = -12 - 0. Let w = -19 + 23. Suppose -w*y - 6*v + 58 = -x*v, -4*v = 8. List the prime factors of y.
2
Suppose 5*r - n - 18557 = 0, -10*r + 6*r + 4*n + 14852 = 0. What are the prime factors of r?
3, 1237
Let v = 68 + -63. List the prime factors of ((-15)/18)/v + (-3305)/(-30).
2, 5, 11
Suppose 3*d - 38 + 146 = 0. Let y = 32 + d. Let s(n) = n**3 + 6*n**2 + 8*n + 10. List the prime factors of s(y).
2, 5
Let q(s) = -s**3 + 14*s**2 + 39*s + 17. What are the prime factors of q(14)?
563
Suppose -2*a = 3*a. Let o(k) = -k + 102. Let s be o(a). Suppose 3*m = 4*f + 80, 5*m - 3*f = m + s. List the prime factors of m.
2, 3
Let k be (6 - (3 + -1))*-1. Let f(h) = 4*h**2 - 6*h**2 - 3 + 3*h + 4*h**2 - 2. List the prime factors of f(k).
3, 5
Suppose 24*b - 1704 = 19776. List the prime factors of b.
5, 179
Suppose -4*v = -2*s - 4122, -3*v - 11*s + 3090 = -14*s. List the prime factors of v.
1031
Let l be 11 - 13 - (-2 + 3). List the prime factors of 444/13 + 8/156*l.
2, 17
Let u(w) = -6*w**3 + 2*w**2 + 4*w + 2. Let s be u(-1). Suppose -588 - 156 = -s*c. List the prime factors of c.
2, 31
Let z(o) = 46*o**3 - 8*o**2 - 2*o + 11. What are